a(d) = -22*d**2 - 1521*d - 164. Calculate the remainder when 111 is divided by a(-69).
25
Suppose 0 = -3*w + 5*a + 30, -5*w = 2*a + 10 - 29. Suppose c + 4*d - 6 = 41, w*c - 4*d = 163. What is the remainder when 134 is divided by c?
29
Let l(y) = -y**2 + 9*y + 3. Let v = -19 + -40. What is the remainder when v/(-2) - (-18)/(-36) is divided by l(7)?
12
Let s(i) be the second derivative of i**5/4 - i**4/4 + i**3 - 3*i**2/2 + 4*i - 15. What is the remainder when 110 is divided by s(2)?
36
Suppose 7*l - 7 = -3*s + 5*l, 5*l = -5*s + 15. Suppose h - s = 156. Calculate the remainder when h is divided by 23.
19
Suppose 0 = -24*v - 35*v + 66*v - 1127. Calculate the remainder when v is divided by 98.
63
Let n(q) = -108*q**2 + 2*q - 3. Let p be n(1). Let u = -96 - p. Suppose 3*d - 197 = -59. Calculate the remainder when d is divided by u.
7
Suppose 2*t = 3*g - 7 + 2, 2*g + 10 = 4*t. Let h be ((-8)/(-40))/(1/g). Calculate the remainder when 46 is divided by (-17)/(153/(-120)) + h/(-3).
7
Let g(w) = w**2 + 32*w - 208. Suppose 2*c - 2*x = -0*x - 74, 5*c + 4*x + 203 = 0. What is the remainder when 319 is divided by g(c)?
59
Let d(b) = -b**2 - 5*b + 1. Let m be d(-3). Suppose -126 = m*r + 273. Let a = r - -68. What is the remainder when 54 is divided by a?
10
Suppose 0 = -70*g + 8651 + 29. Calculate the remainder when 153 is divided by g.
29
Suppose 2*o - 135*d = -137*d + 22, -50 = -4*o - 2*d. What is the remainder when 22818 is divided by o?
12
Let k(a) = -100*a. Let u be k(-1). Suppose 5*x = 2*t - 137, 3*t - 5*x = u + 113. Suppose -2*m - 48 = -t. What is the remainder when 53 is divided by m?
11
Suppose -22*v + 13*v = 9*v - 3474. What is the remainder when v is divided by 26?
11
Suppose 42*u = 595 + 539. Let i = 36 + 40. Calculate the remainder when i is divided by u.
22
Let q = -2953 - -3545. Calculate the remainder when q is divided by 189.
25
Suppose -o = 5*y - 83, 0 = 5*o + 2*y - 0*y - 300. Suppose 2*k - 4*i = -40, i - 6*i = 2*k + o. What is the remainder when (-522)/k + (-3)/4 is divided by 8?
5
Let s = -29657 + 29674. Calculate the remainder when (268/6)/((-2)/(-6)) is divided by s.
15
Suppose 168*m = 173*m - 430. Suppose m + 61 = 3*o. What is the remainder when 144 is divided by o?
46
Suppose 3*j - 7*h = -2*h + 102, 102 = 3*j + 7*h. Suppose 5*t - 9 = -4*m + 39, 2*t - 15 = -3*m. What is the remainder when j is divided by t?
10
Suppose -58616 = 4996*y - 5013*y. Calculate the remainder when y is divided by 119.
116
Let y be (-2 + (6 - 0)/(-2))*-1. Suppose -y*i - u + 73 = -147, 0 = 5*i - 4*u - 220. Calculate the remainder when i is divided by 15.
14
Suppose -4*n - l + 79 = 0, -n + l + 13 = -l. Let x be -2 + 2 + -2 + -16 + n. Let a = x - -15. What is the remainder when 47 is divided by a?
15
Suppose 2*f - 2*j + 79 = j, -3*j = 5*f + 166. Let y = f + 37. Suppose 0 = y*s - 92 + 14. Calculate the remainder when 76 is divided by s.
37
Suppose -121*d + 38*d + 1245 = 0. Calculate the remainder when 464 is divided by d.
14
Let r = 191 + -189. Suppose 3*w - 77 = r*w. What is the remainder when w is divided by 40?
37
Let y(c) = c**3 + 24*c**2 - 56*c + 17. Suppose -215 - 19 = 9*z. Calculate the remainder when y(z) is divided by 47.
27
Let b = -13 - -15. Let j be -4*(10 + -26)*(-2)/(-4). Suppose 2*y = -5*l + j, -4*y - 42 = -9*y - 3*l. Calculate the remainder when y is divided by b.
0
Let h = -25388 + 25767. What is the remainder when h is divided by 90?
19
Suppose -73 - 23 = -4*y. Let j = -5 + -13. Let q = j + y. What is the remainder when 17 is divided by q?
5
Let x(j) = j**3 + 5*j**2 - 15*j - 8. Let v be x(5). Let c = 217 - v. Calculate the remainder when c is divided by 2/8 + (-102)/(-8).
11
Let r = -17 - -35. Let v(l) = l**2 + 35*l - 36. Let c be v(-27). Calculate the remainder when r is divided by 1 + (2/3)/((-28)/c).
4
Let z = -7052 + 7058. Calculate the remainder when 1809 is divided by z.
3
Suppose 43289 = -34*i + 179697. Calculate the remainder when i is divided by 6.
4
Suppose -28*o - 4*l - 250 = -30*o, 0 = 2*o - 3*l - 245. Let z = o - 37. What is the remainder when z is divided by 10?
8
Let a(b) = -2*b**2 - 21*b + 3. Let x = 149 - 153. Calculate the remainder when a(x) is divided by 20.
15
Let i(p) = -12*p + 10. Let j = -206 - -437. Calculate the remainder when j is divided by i(-4).
57
Let b(o) = o**3 - 2*o**2 + 2*o + 1. Let g be 2/6 + 8/3. Calculate the remainder when ((-1260)/945 - 3/(-9))/((-1)/95) is divided by b(g).
15
Let y = -5253 - -5595. Calculate the remainder when y is divided by 60.
42
Let b be 320/(-7) + (-8)/28 + 1. Let v be -1*(-4 - -3)*69. Let w = b + v. What is the remainder when 71 is divided by w?
23
Let g(n) = -54*n - 1819. What is the remainder when g(-37) is divided by 78?
23
Suppose -5*p - 3*i - 9 = 0, 2*p - 7 + 4 = i. Suppose p = 2*o + 3*x - 95, -7*x + 1 = -6*x. What is the remainder when o is divided by 10?
6
Let d(k) = -5*k - 1. Let j be d(-14). Suppose 65*i = j*i - 204. Let o = i - 48. What is the remainder when 16 is divided by o?
1
Suppose 37 + 63 = 4*i. What is the remainder when 349 is divided by i?
24
Calculate the remainder when 508/(-6)*((-6)/9)/((-4)/(-9)) is divided by 34.
25
Suppose -2*c = 5*x + 575 + 459, 404 = -2*x - 4*c. Let s = 234 + x. What is the remainder when 363 is divided by s?
25
Suppose 251*h + 1222 = 5*o + 253*h, 22*h = -2*o + 510. What is the remainder when o is divided by (-43 + 2)*-2 - 1?
1
Suppose 4*t + 3*c - 3195 = 0, -2*t + 235*c = 231*c - 1592. Calculate the remainder when t is divided by 115.
108
Let g(y) = y**2 + 1. Suppose 1 = 7*b - 13. Let f(h) = h**2 + 9*h + 8. Let u(q) = b*g(q) - f(q). What is the remainder when u(10) is divided by 2?
0
Let z = 186 + -192. Calculate the remainder when z/9*-1 - (-2604)/36 is divided by 16.
9
Let d(l) = l**3 + 6*l**2 - 10*l + 8. Let h be d(-7). Suppose 2*p + h = 65. What is the remainder when 123 is divided by p?
15
Let z = 643 + -488. Calculate the remainder when z is divided by 55.
45
Let p = 21 - -37. Suppose -55*m + p*m = 39. Calculate the remainder when 141 is divided by m.
11
Suppose -57*y - 133 = -56*y. Let r = y - -150. What is the remainder when 98 is divided by r?
13
Let u = 346 - 185. Suppose 3*d + 46*l - 91 = 50*l, 171 = 5*d + 3*l. What is the remainder when u is divided by d?
29
Suppose 7*t = 3*t + 476. Let b be (-16 - -802)*(-4)/(-3). Let p = b + -1017. Calculate the remainder when t is divided by p.
26
Suppose -8*a - 1224 = -14*a. Calculate the remainder when a - (3 + 4 + -2) is divided by 67.
65
Let b(d) be the second derivative of -2*d**3/3 + 2*d**2 - d. Suppose 29*r - 165 = 9. What is the remainder when b(-3) is divided by r?
4
Let u(j) = 20*j. Let y = 31474 + -31460. Calculate the remainder when u(1) is divided by y.
6
Suppose 1782 = 4*n + 5*n. What is the remainder when n is divided by (-9)/6*2156/(-66) - -3?
42
Let b be -2*2/(-4) + -9. Let d = 147 - 113. Let m = b + d. Calculate the remainder when m is divided by 10.
6
Suppose 3*p + 4*s = 7710, 12*s + 10270 = 4*p + 14*s. What is the remainder when p is divided by 6?
4
Suppose 0 = -4*h + 8, -2*p + h + 149 - 19 = 0. What is the remainder when 437 is divided by p?
41
Let g(n) = 193*n + 3774. What is the remainder when 395 is divided by g(-19)?
74
Suppose 0 = -4*b + 12 - 4. Suppose 2*t - 50 = 4*i, 5*t - 3*i = 33 + 57. What is the remainder when 74 - (2 - b/2) is divided by t?
13
Let j = -2874 - -2883. Calculate the remainder when 1014 is divided by j.
6
Suppose 3 = 28*x - 29*x, -3*h = x - 3. Let r = 5 - -9. Calculate the remainder when (9 + (-550)/(-60))/(h/12) is divided by r.
11
Let t be -36 - 1 - (-3 + 4)*1. Let o(a) = a**3 + 8*a**2 + 6*a + 9. What is the remainder when o(-6) is divided by t/(-3) - 4/6?
9
Suppose -5*i = 0, 3*i - 3*i = -3*w - 4*i + 36. What is the remainder when 859 is divided by w?
7
Let t(q) = -50 - 4 + 5 - 4*q - 9*q + 2*q**2. Calculate the remainder when t(-3) is divided by 5.
3
Suppose 4 = 6*g + 136. Let u(r) = r**2 + 12*r + 32. Let j be u(g). Let h = -116 + j. Calculate the remainder when h is divided by 23.
21
Suppose 0 = -0*u + 3*u + 2*n - 307, -3 = 3*n. Let h be 0 + -4*1 + (22 - 77). Let i = u - h. Calculate the remainder when i is divided by 33.
30
Let l = 3191 - 2924. Calculate the remainder when l is divided by 21.
15
What is the remainder when 348 is divided by